5) to base 4.
11123102311
146726 (base 10) to base 2
100011110100100110
-102011120033 (base 4) to base 13
-c9ca04
What is -10100110111001001110011 (base 2) in base 15?
-7305ac
Convert -2155151 (base 7) to base 16.
-40eb6
What is 224304435 (base 6) in base 4?
33300110213
Convert -105862 (base 10) to base 4.
-121312012
What is -417576 (base 8) in base 4?
-201331332
What is -1121010110 (base 4) in base 3?
-200112102212
What is -126289 (base 12) in base 5?
-34113230
Convert -3c3192 (base 13) to base 9.
-2670470
153d1a3 (base 14) to base 3
201111211211221
Convert -1875046 (base 10) to base 7.
-21636415
What is -11233400 (base 5) in base 15?
-204d5
What is -338032a (base 12) in base 9?
-20514167
-3232003221 (base 4) to base 2
-11101110000011101001
-1101233111 (base 4) to base 9
-560235
Convert -1102121223 (base 4) to base 12.
-1433a3
Convert 814b2 (base 16) to base 6.
15203442
What is 3242496 (base 10) in base 3?
20002201212110
19400761 (base 10) to base 9
40448751
-132321120 (base 4) to base 7
-1034646
What is -516679 (base 10) in base 3?
-222020202021
574746 (base 15) to base 11
23962a9
What is 13201301 (base 4) in base 9?
46258
What is 2b474 (base 14) in base 8?
322576
What is 123170 (base 8) in base 6?
525144
Convert -2c0687 (base 13) to base 2.
-100001001001111101011
What is -20123532 (base 7) in base 5?
-411414432
120ac3 (base 14) to base 3
1011100001222
-17466801 (base 9) to base 13
-1a87029
What is -1d7546 (base 14) in base 7?
-11663016
Convert -6054a (base 15) to base 2.
-1001010011100110001
What is -2084960 (base 10) in base 15?
-2b2b75
-1512134 (base 9) to base 7
-10044604
Convert -121534 (base 14) to base 8.
-2267672
Convert 240622065 (base 7) to base 12.
5000173
252091 (base 11) to base 13
10c259
What is -15534234 (base 6) in base 8?
-2077616
What is 474b7 (base 14) in base 15?
3677c
Convert 2d544e (base 15) to base 13.
5bac6c
Convert 4066215 (base 7) to base 14.
c977c
54927 (base 12) to base 8
332457
Convert 707350 (base 8) to base 3.
102211212202
What is -10011001101000100100 (base 2) in base 12?
-264204
What is 117822 (base 15) in base 10?
835457
Convert -3728476 (base 9) to base 14.
-3aa9c9
Convert 1124130 (base 12) to base 8.
14414664
What is 12110011221020 (base 3) in base 9?
5404836
What is -14133253 (base 6) in base 13?
-13a025
What is 19e85 (base 15) in base 7?
500462
-54b9a (base 12) to base 14
-2ccd0
-562c0 (base 13) to base 7
-1221133
What is 9ccaf (base 16) in base 13?
19641a
-12a130 (base 11) to base 15
-405b7
1011000001110101101 (base 2) to base 13
c8652
2415691 (base 11) to base 10
4209448
780685 (base 9) to base 6
13555122
What is -45ba46 (base 14) in base 7?
-26122616
234402423 (base 6) to base 14
82db79
What is 22c36 (base 16) in base 8?
426066
What is 23521 (base 9) in base 13?
7213
What is -2453f8 (base 16) in base 3?
-11110221211111
What is -a242c (base 14) in base 3?
-201211121221
Convert -134120 (base 9) to base 7.
-460221
-1111111100010001 (base 2) to base 7
-361241
Convert -312144 (base 7) to base 12.
-27019
d6d5 (base 14) to base 16
90ab
Convert -36a97 (base 15) to base 7.
-1324540
Convert 2416254 (base 7) to base 16.
4afb2
What is -2532513 (base 8) in base 7?
-5651660
Convert 1430501 (base 6) to base 11.
56530
What is -13881 (base 9) in base 15?
-2c14
Convert -21515431 (base 7) to base 11.
-10562a0
-21300121 (base 5) to base 8
-542046
-17232 (base 15) to base 16
-123fb
What is -400131 (base 14) in base 5?
-1022322120
-1221202421 (base 5) to base 8
-13071135
What is -91138 (base 10) in base 5?
-10404023
Convert 132513 (base 9) to base 3.
11002120110
What is -46b8a (base 12) in base 11?
-65416
What is -970333 (base 10) in base 4?
-3230321131
What is 3125073 (base 8) in base 15?
115de1
Convert -9011 (base 11) to base 14.
-4527
What is -17d6 (base 14) in base 2?
-1000011010000
Convert -128723 (base 9) to base 2.
-10011001011111111
What is -1023505042 (base 6) in base 12?
-3758182
What is 655424 (base 9) in base 11?
247917
Convert -5743220 (base 9) to base 5.
-1243133114
What is -110210550 (base 6) in base 9?
-3642353
-101111001110001010110111 (base 2) to base 8
-57161267
What is -114913 (base 11) in base 13?
-64b82
What is 24ae90 (base 15) in base 11?
aa1031
What is -34852 (base 10) in base 7?
-203416
Convert -100010111010010111 (base 2) to base 13.
-5011c
-3a7025 (base 15) to base 7
-32603456
-dd8b5 (base 15) to base 8
-2536742
-5863a0 (base 11) to base 6
-31541242
Convert -524435 (base 6) to base 8.
-123007
-4a831c (base 13) to base 15
-255095
Convert -4304857 (base 9) to base 10.
-2306527
Convert 1330554 (base 6) to base 8.
220546
1453bf (base 16) to base 12
542b13
Convert 3011217 (base 10) to base 15.
3e732c
What is -7c5041 (base 13) in base 11?
-1737553
Convert -163b54 (base 13) to base 14.
-104c1c
-334232 (base 8) to base 15
-23649
Convert -280028 (base 9) to base 2.
-101001101001110100
What is 30211120233 (base 4) in base 16?
32562f
Convert -4534222 (base 6) to base 16.
-383c6
What is -7bb668 (base 13) in base 6?
-142552041
Convert -1243444141 (base 5) to base 12.
-105b440
9196 (base 13) to base 11
14091
-25c1b7 (base 15) to base 14
-3528ba
What is -1d6858 (base 16) in base 13?
-5262b6
-32313233331 (base 4) to base 8
-16675775
-30410400 (base 5) to base 13
-88912
-6531a (base 13) to base 7
-1361116
-47548 (base 12) to base 7
-546230
What is -732502 (base 9) in base 11?
-277816
What is -14b07b (base 15) in base 6?
-33225312
-3132233311 (base 4) to base 9
-1640477
Convert -5604165 (base 7) to base 15.
-d9920
Convert -113234214 (base 5) to base 4.
-2000000111
Convert 555443 (base 10) to base 15.
ae898
8163 (base 12) to base 8
33333
What is 4240430432 (base 5) in base 4?
202001322212
10111111110001111 (base 2) to base 13
35902
What is 230267 (base 9) in base 3?
21000022021
-14403010 (base 7) to base 11
-850659
-221120012 (base 5) to base 14
-1acd35
What is 2000132033 (base 4) in base 9?
881752
11412500 (base 6) to base 5
43001404
2021620 (base 7) to base 3
110020020201
Convert -562538 (base 11) to base 6.
-31114013
What is -133289 (base 10) in base 15?
-2975e
-316175 (base 8) to base 4
-121301331
22220020101 (base 3) to base 9
286211
1121551435 (base 6) to base 3
212100110202012
-100314113 (base 5) to base 14
-a62a2
-10fc87 (base 16) to base 2
-100001111110010000111
-6c53d7 (base 14) to base 6
-211204521
-31423210 (base 5) to base 15
-53420
Convert -2af6c8 (base 16) to base 11.
-1653517
Convert 188648 (base 11) to base 9.
481233
-67376 (base 9) to base 15
-d406
What is 4628472 (base 11) in base 9?
16204510
144a006 (base 11) to base 2
1001011111010101011101
577707 (base 8) to base 5
22242201
-a2c066 (base 14) to base 3
-101022211020121
c8472 (base 16) to base 13
22950c
Convert 100011101101001 (base 2) to base 15.
563b
Convert 737056 (base 8) to base 3.
110110110222
What is -3321131 (base 6) in base 7?
-1261300
What is 2434000 (base 5) in base 12?
22839
What is 1001110110101010001010 (base 2) in base 15?
3605bd
66468 (base 11) to base 16
17886
Convert 14327 (base 11) to base 13.
935c
What is 82606 (base 10) in base 11?
57077
What is -c29603 (base 16) in base 3?
-212222212222122
Convert -2012301 (base 6) to base 7.
-544255
Convert 46640267 (base 8) to base 9.
21126883
What is -39a7d3 (base 15) in base 4?
-22210011321
-848632 (base 10) to base 3
-1121010002211
Convert -22a045 (base 14) to base 8.
-4400515
Convert -1761821 (base 10) to base 7.
-20655335
What is -101100010111000100000 (base 2) in base 8?
-5427040
-2147bb (base 12) to base 6
-15141155
What is aeaa2 (base 16) in base 5?
140343201
Convert 373554 (base 9) to base 15.
46d2a
Convert -c2680 (base 13) to base 11.
-218706
Convert -221310022 (base 4) to base 13.
-5cc5c
-13022552 (base 6) to base 9
-714385
What is -1010111111011101 (base 2) in base 7?
-245154
3a3b (base 12) to base 10
6671
44210774 (base 8) to base 7
143545101
5d5d5b (base 14) to base 2
1100001110011100001101
Convert -121d14 (base 14) to base 13.
-189259
Convert 41550 (base 10) to base 16.
a24e
What is -46b90a (base 14) in base 4?
-21031102312
Convert -176a1a (base 16) to base 4.
-11312220122
26d93 (base 14) to base 12
47659
1cb04 (base 13) to base 16
ddd4
What is -23021323023 (base 4) in base 6?
-142402043
Convert -14316 (base 14) to base 3.
-2112120212
-434641 (base 8) to base 10
-14582